ens digit of v?
9
Let m(k) = -k**3 - 4*k**2 - 5. Let s be 14 + (-3 - 0/(-2)). Suppose 0 = -5*b + l - 22, 5*b + 45 = -3*l + s. What is the tens digit of m(b)?
2
Let a(c) = 7 - 7 + 4*c + 9 + 9*c**2. Let l be a(-3). Suppose 0*w + 46 = w + 2*t, -3*t = -2*w + l. What is the tens digit of w?
4
Let i = 12 + -13. Let b be (i - 21)/((-4)/(-2)). Let v = b + 18. What is the units digit of v?
7
Let n = 6 + 30. What is the tens digit of (n/16)/(1*2/40)?
4
Let k be 20/4 + -2 + 2. Suppose 0 = -y - o + 14, -27 - 7 = -y - k*o. Suppose 0 = y*j - 7*j - 76. What is the units digit of j?
8
Let s = -7 - -8. Let w be 10/(1 + 0 + s). Suppose 2*k = 5*m - 6*m + 50, -5*m = w*k - 250. What is the tens digit of m?
5
Let w = 65 - 45. Let o(j) = w - 26*j**3 - j**2 - 20. What is the units digit of o(-1)?
5
Let b = 100 - 37. Suppose -5*m + 87 = -b. What is the tens digit of (14/(-5))/((-3)/m)?
2
Let c = 6 + 3. Suppose -5*y + c*y = 172. Suppose -22 = u - y. What is the tens digit of u?
2
Suppose -5*d + 3*s + 820 = -s, 2*s = 4*d - 662. Let o = 320 - d. What is the tens digit of o?
5
Suppose -34*m + 4175 = 5*y - 29*m, 2*m + 829 = y. What is the units digit of y?
3
Let h = -17 + 12. Let v = -1295 + 1285. What is the units digit of h/(-25) + (-38)/v?
4
Suppose -2*i + 840 = w - 6*w, w = 3*i - 1247. What is the units digit of i?
5
Suppose 0 = -2*n - 5*g + 1648, 0 = -0*g + g. What is the tens digit of n?
2
Let l = -1566 + 2283. What is the hundreds digit of l?
7
Suppose -20 = m - 5. Let f = 29 + m. What is the tens digit of f?
1
Suppose 5 = -4*x - 3*m + 4*m, 3*x + 2*m = -12. Let z = -2 + 5. What is the tens digit of (1/x)/(z/(-66))?
1
Suppose -24 = -5*b + 7*b. What is the tens digit of ((-28)/b - 1)*1*69?
9
Let g(j) = -j**3 + 9*j**2 - 6*j - 1. Let n be g(8). Let a = -46 + 41. Let y = a + n. What is the tens digit of y?
1
Let c = 98 + 1104. What is the tens digit of c?
0
Let s = 11 - 11. Suppose 0 = 5*k + l - 231, -3*l - l - 16 = s. What is the units digit of k?
7
Suppose -5*x + 6 + 4 = 0. Let f(j) = j**3 - 3 + 23 + 4 + 10*j**x - 3*j. What is the tens digit of f(-10)?
5
Let t = 28 - -18. Suppose 3*u - 2*z - 303 = -t, -90 = -u + 5*z. Suppose u = 3*y + 2*k + 2*k, -4*y = -k - 107. What is the tens digit of y?
2
Let q = -18 - -26. Let g = q - -61. What is the units digit of g?
9
Let m(a) = 3*a + 6. Suppose -4*z + 105 = 57. What is the units digit of m(z)?
2
Let s = 39 - 9. Let w be s/9 - 2/6. Suppose 68 + 1 = w*t. What is the units digit of t?
3
Let o be (15*3)/(-4 + 3). What is the tens digit of 3*-6*190/o?
7
Let u(d) be the first derivative of d**3/3 + 6*d**2 + 27*d + 35. What is the units digit of u(-18)?
5
Suppose d - 5*d = 5*h - 99, 3*d + 2*h = 69. Suppose -l - d = 4*j, 2*j + l - 7 = -20. What is the units digit of 1136/72 - j/18?
6
Suppose -5*l + 2*l = -234. Suppose 0*v - 3*v = l. Let m = 41 + v. What is the units digit of m?
5
Suppose 3*x + 0*x = 3*m + 1839, -5*x - 3*m = -3065. What is the tens digit of x?
1
Let j(b) = -b + 1. Let k be j(-4). Let g be ((-2)/k)/(4/(-340)). Let m = g + -12. What is the units digit of m?
2
Let r be (-16)/(-12)*3*1. Suppose -r*b - 73 = 3. Let t = -9 - b. What is the tens digit of t?
1
Suppose 27 + 13 = 8*s. Suppose -2*m = 2 + 2, -s*m + 65 = g. Suppose 4*p - g = 125. What is the tens digit of p?
5
Let y be (-15)/(-5)*(-283)/(-3). Let p = -135 + y. What is the hundreds digit of p?
1
Let t = 24 - 39. Let b(x) = -5*x + 52. What is the tens digit of b(t)?
2
Let y = 1781 - -1444. What is the hundreds digit of y?
2
Let y(o) = 25*o**2 + 42*o + 4. What is the thousands digit of y(7)?
1
Suppose -28*y - 11886 = -70*y. What is the tens digit of y?
8
Let p(f) = -f**3 + 5*f**2 + f - 9. Let w be p(5). What is the tens digit of (-27 + (-1 - w))/(-2)?
1
Let c = -4008 + 5819. What is the tens digit of c?
1
Suppose l - 5 = -2. Suppose -g + l*y + 334 = 3*g, -3*y = 6. What is the units digit of g?
2
Let o(h) = -h**3 + 5*h**2 - 3*h - 21. Let s(d) = d**2 - d + 1. Let a(f) = -o(f) + 4*s(f). Let t be a(0). Suppose t = p + 1. What is the units digit of p?
4
Let a(b) = -6*b**2 + 4*b + 19. Let g be a(-4). Let c = g + 170. What is the tens digit of c?
7
Let k(f) = -f**3 - f**2 + f + 2. Let y be k(-2). What is the tens digit of y + -34*2/(-4)?
2
Let l(h) = -h**2 + 7*h. Let g be l(5). Let s be -4 + 1 + g/2. Suppose 0 = -0*m + m + 1, -4*m + 12 = s*u. What is the units digit of u?
8
Suppose 0 = 7*q + 68 + 58. Let t(m) = m**2 + 19*m + 26. Let u be t(q). What is the units digit of (-34)/(-1)*4/u?
7
Let a = 26 + -21. Suppose 6*k = a*k + 80. What is the units digit of k?
0
Suppose -4*j + 10*x = 7*x - 1901, 5*j - 2368 = x. What is the units digit of j?
3
Let i(j) be the second derivative of j**5/10 - j**4/4 - j**3/3 - j**2/2 - 19*j. Let c be (5 - 0)*6/10. What is the tens digit of i(c)?
2
Suppose 2*p - 4*p = -14. Let b be (-3)/1*p/(-3). Suppose -78 = -b*m + 4*m. What is the tens digit of m?
2
Suppose 65 + 439 = 2*c. Suppose -w = -4*w + c. What is the tens digit of w?
8
Let w be 0 + (0/2 - 11). Let i(c) = -c**2 - 7*c + 3. Let o(m) = -m**2 - 7*m + 1. Let k(j) = 2*i(j) - 3*o(j). What is the tens digit of k(w)?
4
Suppose 0 = -3*h + 2*w - 100, 4*w - w - 135 = 4*h. Let x = h + 97. Suppose 3*z + 0*z + 4*f = x, -2*f = z - 19. What is the units digit of z?
9
What is the units digit of ((-1230)/12 + 16)/((-2)/60)?
5
Suppose 549 + 311 = 5*l. What is the tens digit of (5 + -3)*l/8?
4
Let o(k) = 3*k - 20. Let f be o(6). What is the hundreds digit of (-3 - f)/((-4)/((-1528)/(-2)))?
1
Let o(i) = 7*i**2 - 9*i - 4. Let z be o(-7). Let f be (z/9)/(4/6). Suppose h + 5*t - 2 = 0, -3*h + 3*t + 11 = -f. What is the tens digit of h?
2
Let g(u) = 64*u**2 + 66*u**2 - 17 + u - 129*u**2. What is the units digit of g(8)?
5
Let q = 1856 + 792. What is the hundreds digit of q?
6
Suppose 0*i - 25 = -5*i. Suppose i*f - 1 = -31. Let z(c) = c**2 + 6*c + 15. What is the tens digit of z(f)?
1
Let p = -3 + 4. What is the units digit of (1 + (-3 - p))*-24?
2
Let m(s) = s**3 - 2*s**2 + 3*s - 32. Let k be m(4). What is the hundreds digit of -4*k*(-36)/8?
2
Suppose 23*k - 2411 = 10193. What is the hundreds digit of k?
5
Suppose -24*b + 1823 + 2641 = 0. What is the hundreds digit of b?
1
Let t be ((-224)/(-24))/((-2)/6). Let m(x) = -4*x + 50. What is the units digit of m(t)?
2
Let r(j) = -3*j - 6. Let n be r(-4). Let c(i) be the third derivative of -i**6/120 + 7*i**5/60 - i**4/8 - 2*i**3/3 + 4*i**2. What is the tens digit of c(n)?
1
Suppose -5*p + 30 = -u, -4*u + 5*p = u + 250. Let c = 188 + u. Let y = -92 + c. What is the tens digit of y?
4
Let g = -223 + 433. Let c = g + -61. What is the tens digit of c?
4
Let d be (1*-3)/(-7 - -8). What is the tens digit of 0 - 40*(-3 + (d - -5))?
4
Let d = 76 - -557. What is the tens digit of d?
3
Suppose -4*t + 19664 = -3*h, -9*t + 4931 = -8*t + 3*h. What is the thousands digit of t?
4
Let d be (8 - 10) + (-1 - 9). Let b be -4 + -16 + d/4. Let z = b - -45. What is the units digit of z?
2
Let u be (3 + -2)/(4/12). Suppose 0 = u*p - 6*p - d + 42, 14 = p + 3*d. Suppose -4*g = 2*t - 54, 43 = 4*g - 3*t + p. What is the units digit of g?
1
What is the tens digit of ((-158202)/(-39))/3 - 30/195?
5
Let r(z) be the second derivative of -z**5/20 - 2*z**4/3 - z**3/6 - 9*z**2 + 8*z. What is the tens digit of r(-9)?
7
Let v(o) = 5 - 9*o + 55*o**2 + 9*o - 14*o**2. What is the tens digit of v(-2)?
6
Suppose 3*a = -3*m - 102, 4*m - m + 78 = 5*a. Let i = 26 - m. What is the tens digit of i?
5
Suppose 2*w - 711 - 353 = 0. What is the units digit of w?
2
Suppose 19 = 3*w + 2*h, -5*w + 31 = 2*h + 2*h. Let t = w + -1. What is the units digit of t?
6
Let d(f) = 1. Let z(q) = 13*q + 26. Let n(o) = 3*d(o) - z(o). What is the tens digit of n(-10)?
0
What is the thousands digit of (-45584)/(-42)*(-12)/(-8)?
1
Let c(l) = -2*l**3 - 6*l**2 - 17*l + 1. Suppose 10*x - 3 = -53. What is the hundreds digit of c(x)?
1
Let r(p) = -175*p**3 - 2*p**2 + 2*p - 1. Let f be r(-3). Let a = -884 + f. What is the units digit of a/81 + (-2)/18?
7
Let h = 624 - -306. What is the hundreds digit of h?
9
Let o be ((-24)/18)/((-2)/(-3)). What is the units digit of o*(-5)/((-20)/(-358))?
9
Suppose -19*u = -13*u - 5784. What is the tens digit of u?
6
Let t(w) = 3*w**2 - 11*w + 24. What is the tens digit of t(-11)?
0
Let z = -17 - -13. What